{"id":2,"date":"2014-05-16T11:42:45","date_gmt":"2014-05-16T11:42:45","guid":{"rendered":"http:\/\/nsdp.com.br\/?page_id=2"},"modified":"2018-04-13T17:32:06","modified_gmt":"2018-04-13T17:32:06","slug":"sample-page","status":"publish","type":"page","link":"https:\/\/nsdp.com.br\/?page_id=2","title":{"rendered":"Nossa Hist\u00f3ria"},"content":{"rendered":"<div id=\"parte_5_geral_dir_colegio_1\" style=\"color: #000000;\">\n<p><a href=\"http:\/\/nsdp.com.br\/wp-content\/uploads\/2018\/04\/1660-GREGORIO-BARBARICO.jpg\"><img loading=\"lazy\" decoding=\"async\" class=\" wp-image-833 alignright\" src=\"http:\/\/nsdp.com.br\/wp-content\/uploads\/2018\/04\/1660-GREGORIO-BARBARICO-250x300.jpg\" alt=\"\" width=\"236\" height=\"283\" srcset=\"https:\/\/nsdp.com.br\/wp-content\/uploads\/2018\/04\/1660-GREGORIO-BARBARICO-250x300.jpg 250w, https:\/\/nsdp.com.br\/wp-content\/uploads\/2018\/04\/1660-GREGORIO-BARBARICO.jpg 300w\" sizes=\"auto, (max-width: 236px) 100vw, 236px\" \/><\/a><\/p>\n<p class=\"font_4_24\" style=\"color: #06274c;\">Localizado na Rua Santa L\u00facia Filippini, 40, no Bairro do Caraguava, em Peru\u00edbe\/SP, \u00e9 mantido\u00a0e dirigido pelas\u00a0religiosas\u00a0do\u00a0<strong>Pontif\u00edcio Instituto das Mestras Pias Filippini<\/strong>.<\/p>\n<\/div>\n<div id=\"parte_5_geral_dir_colegio_3\" style=\"color: #000000;\">\n<p>O Instituto nasceu em Montefiascone, na It\u00e1lia em 1692, gra\u00e7as a iniciativa do Cardeal Marco Antonio Barbarigo, coadjuvado por Santa L\u00facia Filippini.<\/p>\n<p>Seu objetivo &#8220;Educa\u00e7\u00e3o Crist\u00e3 da Juventude&#8221;, se realiza principalmente atrav\u00e9s da escola, considerada pelos fundadores\u00a0<strong>&#8220;O ambiente mais id\u00f4neo para a forma\u00e7\u00e3o integral do homem&#8221;<\/strong>.<\/p>\n<p>O Col\u00e9gio espera, com a prote\u00e7\u00e3o de Deus, continuar contribuindo para a educa\u00e7\u00e3o sadia das futuras gera\u00e7\u00f5es de brasileiros. Proporcionando uma forma\u00e7\u00e3o integral de crian\u00e7as, adolescentes e jovens conscientes de seus direitos e deveres, capazes de perceberem como ser elemento social contribuidor, religioso e filos\u00f3fico.<\/p>\n<\/div>\n<p>&nbsp;<\/p>\n","protected":false},"excerpt":{"rendered":"<p>Localizado na Rua Santa L\u00facia Filippini, 40, no Bairro do Caraguava, em Peru\u00edbe\/SP, \u00e9 mantido\u00a0e dirigido pelas\u00a0religiosas\u00a0do\u00a0Pontif\u00edcio Instituto das Mestras Pias Filippini. O Instituto nasceu em Montefiascone, na It\u00e1lia em&#8230;<\/p>\n","protected":false},"author":1,"featured_media":0,"parent":0,"menu_order":0,"comment_status":"closed","ping_status":"closed","template":"","meta":{"_crdt_document":"","_joinchat":[],"footnotes":""},"class_list":["post-2","page","type-page","status-publish","hentry"],"_links":{"self":[{"href":"https:\/\/nsdp.com.br\/index.php?rest_route=\/wp\/v2\/pages\/2","targetHints":{"allow":["GET"]}}],"collection":[{"href":"https:\/\/nsdp.com.br\/index.php?rest_route=\/wp\/v2\/pages"}],"about":[{"href":"https:\/\/nsdp.com.br\/index.php?rest_route=\/wp\/v2\/types\/page"}],"author":[{"embeddable":true,"href":"https:\/\/nsdp.com.br\/index.php?rest_route=\/wp\/v2\/users\/1"}],"replies":[{"embeddable":true,"href":"https:\/\/nsdp.com.br\/index.php?rest_route=%2Fwp%2Fv2%2Fcomments&post=2"}],"version-history":[{"count":8,"href":"https:\/\/nsdp.com.br\/index.php?rest_route=\/wp\/v2\/pages\/2\/revisions"}],"predecessor-version":[{"id":837,"href":"https:\/\/nsdp.com.br\/index.php?rest_route=\/wp\/v2\/pages\/2\/revisions\/837"}],"wp:attachment":[{"href":"https:\/\/nsdp.com.br\/index.php?rest_route=%2Fwp%2Fv2%2Fmedia&parent=2"}],"curies":[{"name":"wp","href":"https:\/\/api.w.org\/{rel}","templated":true}]}}